530880 a multiple of 5777?
True
Does 6 divide 435609787?
False
Is 1140503364 a multiple of 117?
True
Is 6 a factor of 23037268?
False
Is 118 a factor of 11544304?
False
Is 31872016 a multiple of 408?
False
Does 27 divide 2765728?
False
Is 129759208 a multiple of 157?
False
Is 428183227 a multiple of 1062?
False
Is 231 a factor of 141159499?
False
Does 270 divide 10435500?
True
Does 17 divide 430822857?
True
Is 28496656 a multiple of 8?
True
Does 125 divide 49413071?
False
Is 87928224 a multiple of 32?
True
Does 557 divide 2328260?
True
Is 1799040 a multiple of 6?
True
Is 72753624 a multiple of 11?
False
Does 16 divide 52926496?
True
Does 45 divide 14669069?
False
Is 1725 a factor of 421154115?
False
Is 155167908 a multiple of 172?
True
Does 122 divide 2809112952?
True
Does 699 divide 1521313297?
False
Is 116534921 a multiple of 4?
False
Does 964 divide 2844028468?
True
Is 289807150 a multiple of 58?
True
Is 640712253 a multiple of 3108?
False
Does 1310 divide 962505949?
False
Is 47902715 a multiple of 97?
False
Is 420 a factor of 1507347179?
False
Is 44 a factor of 18232940?
True
Is 750 a factor of 54963758?
False
Is 107280194 a multiple of 2577?
False
Is 500 a factor of 23926500?
True
Is 303 a factor of 164228918?
False
Does 86 divide 179231298?
False
Is 972673536 a multiple of 67?
False
Is 229338511 a multiple of 394?
False
Is 20038730 a multiple of 10?
True
Is 884 a factor of 284278488?
True
Does 126 divide 10110076?
False
Does 2524 divide 1848179494?
False
Is 3420 a factor of 267800700?
False
Does 2710 divide 337226980?
True
Is 956 a factor of 268126452?
True
Is 1004864170 a multiple of 10?
True
Is 27 a factor of 1757085885?
True
Does 388 divide 131962680?
True
Does 10 divide 53629030?
True
Is 71373608 a multiple of 69?
False
Does 142 divide 30361874?
False
Is 60434105 a multiple of 63?
False
Does 11 divide 584052562?
False
Is 8630804 a multiple of 262?
True
Does 169 divide 418869373?
True
Is 4 a factor of 21922544?
True
Does 5047 divide 100485770?
True
Is 7201935 a multiple of 4?
False
Is 37 a factor of 4551635?
False
Is 6 a factor of 21823158?
True
Is 205 a factor of 533255430?
True
Is 131086760 a multiple of 245?
True
Is 200954446 a multiple of 3399?
False
Does 292 divide 48323278?
False
Is 59 a factor of 18978590?
False
Is 268 a factor of 497661576?
False
Is 567 a factor of 109124820?
True
Is 161330752 a multiple of 913?
True
Is 38 a factor of 152853822?
True
Does 34 divide 10482336?
True
Is 934069856 a multiple of 131?
False
Does 102 divide 467794542?
True
Is 2740 a factor of 14382260?
True
Is 1581918216 a multiple of 5784?
True
Is 21 a factor of 4528050450?
True
Is 71188876 a multiple of 22?
True
Does 8 divide 101220008?
True
Is 142745 a multiple of 2?
False
Does 14 divide 2802685928?
True
Is 24 a factor of 122681448?
True
Is 3105 a factor of 24209334?
False
Is 89 a factor of 9829033?
False
Does 99 divide 70067536?
False
Does 619 divide 60644668?
True
Does 2604 divide 13548612?
True
Does 64 divide 5048640?
True
Is 122 a factor of 317375717?
False
Is 1118052471 a multiple of 3473?
True
Is 1582 a factor of 678628958?
True
Is 15483354 a multiple of 86?
True
Is 30 a factor of 4466733?
False
Is 138 a factor of 164674728?
False
Does 1869 divide 30302097?
True
Is 2750 a factor of 2047142798?
False
Is 498190077 a multiple of 3997?
True
Is 3335 a factor of 24398860?
True
Does 32 divide 330343963?
False
Is 27 a factor of 136325097?
False
Does 20 divide 473209500?
True
Does 46 divide 24617096?
False
Is 15 a factor of 134547960?
True
Is 13 a factor of 673925383?
False
Is 160995085 a multiple of 138?
False
Does 157 divide 215087981?
False
Is 52430560 a multiple of 182?
True
Does 212 divide 29810592?
True
Does 85 divide 109142465?
True
Is 411203002 a multiple of 14?
True
Is 334 a factor of 3043777404?
True
Is 223982513 a multiple of 22?
False
Does 29 divide 6810098?
False
Does 6 divide 6636072?
True
Does 34 divide 25397728?
True
Is 3998356 a multiple of 6?
False
Does 11 divide 506197186?
True
Is 149 a factor of 8805602?
True
Does 1060 divide 178726623?
False
Is 974812848 a multiple of 1555?
False
Is 6 a factor of 2803313202?
True
Does 78 divide 45851520?
True
Is 1180 a factor of 335347169?
False
Is 25542875 a multiple of 198?
False
Does 9 divide 14802417?
True
Is 57 a factor of 17138710?
False
Is 197 a factor of 9298143?
False
Is 5047885650 a multiple of 15?
True
Is 5784218 a multiple of 671?
False
Does 355 divide 501186515?
True
Does 5 divide 305493135?
True
Is 125390867 a multiple of 29?
True
Does 433 divide 42801617?
True
Does 80 divide 2495092?
False
Does 7 divide 4609220?
True
Does 69 divide 99874087?
False
Is 10088616 a multiple of 1343?
True
Is 66129678 a multiple of 1706?
True
Does 3009 divide 720676563?
True
Does 3153 divide 139460343?
True
Is 632896706 a multiple of 17?
True
Is 631 a factor of 64794070?
False
Is 122 a factor of 95070452?
True
Is 56 a factor of 20955936?
False
Is 3851 a factor of 166225151?
False
Is 1118076841 a multiple of 154?
False
Is 29 a factor of 2145755610?
False
Does 795 divide 55797992?
False
Is 22 a factor of 14875585?
False
Is 4 a factor of 120007436?
True
Is 1168796077 a multiple of 59?
True
Is 20700216 a multiple of 283?
False
Is 30726584 a multiple of 21?
False
Is 54147950 a multiple of 194?
False
Does 5 divide 231490451?
False
Does 819 divide 335433057?
False
Is 17 a factor of 771003992?
True
Is 50 a factor of 59653663?
False
Does 11 divide 6545726?
True
Does 43 divide 7964073?
True
Does 3 divide 124826730?
True
Does 4413 divide 54372573?
True
Does 25 divide 19244544?
False
Is 197108408 a multiple of 742?
False
Does 4 divide 78378603?
False
Does 7 divide 324644252?
False
Does 375 divide 235986375?
True
Is 16 a factor of 8642240?
True
Is 19 a factor of 45464055?
True
Is 297969210 a multiple of 19?
True
Does 19 divide 138912857?
True
Does 8 divide 283766624?
True
Does 34 divide 32145334?
True
Is 248 a factor of 62106392?
True
Is 137694142 a multiple of 10?
False
Does 80 divide 565212051?
False
Is 786622564 a multiple of 203?
True
Does 239 divide 825974201?
True
Is 94 a factor of 31999648?
False
Is 24 a factor of 34220643?
False
Is 315988350 a multiple of 2958?
True
Is 1036 a factor of 230538971?
False
Is 902 a factor of 64990002?
True
Is 4459 a factor of 363347115?
False
Is 1322657 a multiple of 127?
False
Does 477 divide 27272475?
True
Is 2388071700 a multiple of 4357?
True
Is 86 a factor of 1020677068?
True
Does 2250 divide 264287250?
True
Is 33518637 a multiple of 246?
False
Is 1426871316 a multiple of 1895?
False
Is 36 a factor of 4819284?
True
Is 4078 a factor of 2220369050?
True
Is 46598048 a multiple of 504?
False
Is 7 a factor of 298439834?
True
Does 58 divide 229042464?
True
Does 5 divide 2243226179?
False
Does 106 divide 33356716?
True
Does 2321 divide 261235513?
True
Is 5 a factor of 26835?
True
Is 52893390 a multiple of 33?
True
Is 7 a factor of 1040146882?
False
Does 6042 divide 645999999?
False
Does 7 divide 29413591?
False
Is 272386299 a multiple of 1653?
True
Is 165950267 a multiple of 3?
False
Does 102 divide 239137062?
True
Is 20555604 a multiple of 978?
True
Is 293675452 a multiple of 6082?
True
Does 85 divide 648304929?
False
Is 1029 a factor of 1310112054?
False
Is 23 a factor of 3703119258?
False
Does 200 divide 107418527?
False
Is 724590720 a multiple of 2520?
True
Is 113102852 a multiple of 1604?
True
Is 161 a factor of 349967866?
False
Is 4 a factor of 663753528?
True
Is 31616709 a multiple of 283?
False
Does 21 divide 457204490?
False
Is 2402352 a multiple of 26?
False
Is 3131 a factor of 444090078?
False
Does 17 divide 5627769573?
True
Does 259 divide 25579910?
False
Does 2274 divide 698176067?
False
Does 65 divide 4764565?
True
Is 12 a factor of 911751?
False
Does 169 divide 29323697?
True
Does 5145 divide 1193640?
True
Does 136 divide 1034928?
False
Does 4 divide 32011476?
True
Is 8 a factor of 230892456?
True
Is 1310 a factor of 164871360?
True
Is 294 a factor of 3742160772?
True
Does 264 divide 710055253?
False
Is 40 a factor of 67796080?
True
Is 1201 a factor of 184857397?
False
Does 6 divide 19724034?
True
Is 150284940 a multiple of 26?
True
Is 35 a factor of 3651410?
True
Is 6 a factor of 318128688?
True
Is 61506882 a multiple of 17?
False
Is 360921002 a multiple of 31?
